NOAA style reports

NOAA-style Climate Reports


Report for 2021 Jun
                   Monthly Climatological Summary for Jun 2021

Name: departure period NCDC 1981-2010   City: Valentine   State: Nebraska
Elevation: 2574 ft  Lat: N 42 53' 00"   Lon: W 100 32' 29"

                  Temperature (F), Rain (in), Wind Speed (mph)

                                      Heat  Cool        Avg
    Mean                              Deg   Deg         Wind                 Dom
Day Temp  High   Time   Low    Time   Days  Days  Rain  Speed High   Time    Dir
----------------------------------------------------------------------------------
 1  64.7  77.9   15:39  47.3   06:36   4.7   4.4  0.00   5.3  22.0   11:16   SSW
 2  67.8  83.5   15:52  51.1   05:54   3.6   6.4  0.00   3.7  16.0   18:09     W
 3  71.9  89.8   17:10  48.6   06:25   4.1  11.0  0.00   3.1  17.0   12:22   WNW
 4  78.1  97.0   16:38  53.0   06:32   1.9  15.0  0.00   4.5  23.0   16:11   WSW
 5  81.1  94.6   15:23  59.3   06:31   0.2  16.4  0.00   7.6  26.0   13:28   SSW
 6  77.4  86.6   15:45  66.9   23:57   0.0  12.4  0.00   9.1  26.0   12:16     W
 7  78.5  95.6   16:56  57.2   05:44   1.2  14.7  0.00   7.2  28.0   11:04   SSE
 8  80.8  91.1   14:49  70.1   05:18   0.0  15.8  0.00   9.5  31.0   17:55   SSE
 9  77.9  91.5   16:48  61.2   04:10   0.3  13.3  0.94   8.8  37.0   03:26     S
10  83.1  93.5   15:10  72.3   06:11   0.0  18.1  0.00   9.6  32.0   18:14   SSE
11  70.2  82.5   00:01  55.0   23:11   0.7   6.0  0.11  14.2  47.0   02:42    NW
12  69.3  87.2   16:56  47.0   05:53   4.9   9.2  0.00   5.7  25.0   14:31   SSE
13  79.1  94.1   16:47  62.3   06:18   0.1  14.2  0.00   5.4  36.0   23:45     S
14  80.4  92.3   16:22  62.8   06:27   0.0  15.5  0.00   7.4  36.0   01:30     E
15  79.3  96.0   16:54  64.8   05:46   0.0  14.3  0.00   7.6  25.0   11:21   ESE
16  84.2  99.0   13:39  67.9   06:26   0.0  19.2  0.00   7.6  26.0   16:55    NW
17  76.0  88.6   16:05  63.8   06:38   0.0  11.1  0.00   4.8  20.0   08:52   ENE
18  76.3  90.2   14:54  57.9   06:36   0.8  12.2  0.00   3.1  15.0   17:41     E
19  72.4  84.7   16:10  57.4   05:35   1.2   8.6  0.00   8.1  34.0   23:26   ESE
----------------------------------------------------------------------------------
    76.2  99.0    16    47.0    12    23.7 237.8  1.05   7.0  47.0    11       S

Max >=  90.0: 11
Max <=  32.0:  0
Min <=  32.0:  0
Min <=   0.0:  0
Max Rain: 0.94 on day 9
Days of Rain: 2 (>= 0.01 in)  2 (>= 0.10 in)  0 (>= 1.00 in)
Heat Base: 65.0  Cool Base: 65.0  Method: Integration